= p**3 - 52*p**2 + 635*p + 386. Give s(21).
50
Let o(m) = 6*m**2 - 126*m + 618. Determine o(9).
-30
Let q(h) = 3*h**2 - 1352*h + 117143. What is q(117)?
26
Let n(j) = -2*j**3 + 242*j**2 - 1511*j - 9702. Calculate n(114).
-12
Let a(d) = 212*d + 541. Calculate a(-13).
-2215
Let q(d) = -2*d**3 + 346*d**2 + 359*d - 1266. What is q(174)?
648
Let g(y) = 758*y + 2385. Calculate g(-3).
111
Let m(i) = -3*i**2 + 592*i - 10540. What is m(17)?
-1343
Let r(m) = 55*m**3 + 1892*m**2 + 2547*m + 195. Determine r(-33).
-3
Let v(f) = -f**2 + 1284*f + 63923. What is v(-48)?
-13
Let m(d) = -90889*d - 181891. Give m(-2).
-113
Let m(x) = 350264*x - 1050705. Determine m(3).
87
Let y(q) = -172*q - 16319. Give y(-89).
-1011
Let o(w) = -1749*w + 15417. What is o(9)?
-324
Let a(q) = q**3 - 46*q**2 - 122*q + 1211. Give a(48).
-37
Let n(b) = 72860*b + 72852. What is n(-1)?
-8
Let m(j) = -129408*j - 388221. Determine m(-3).
3
Let y(l) = -674*l + 1532. Determine y(2).
184
Let x(q) = -q**3 - 177*q**2 - 7019*q + 56. Give x(-60).
-4
Let q(k) = -k**3 - 351*k**2 - 6048*k - 18083. Give q(-333).
-101
Let q(x) = 2*x**3 - 213*x**2 - 877*x - 166. Give q(-4).
-194
Let l(c) = 5*c**2 + 171*c + 693. What is l(-5)?
-37
Let h(s) = -4369*s - 611097. Give h(-140).
563
Let y(j) = -23*j**3 - 3*j**2 - 260*j - 997. Determine y(-4).
1467
Let i(b) = -b**3 + 37*b**2 - 225*b + 3020. What is i(33)?
-49
Let m(j) = -126*j + 4828. Calculate m(21).
2182
Let a(z) = 2*z**2 - 12846*z - 595094. What is a(-46)?
54
Let r(v) = -58*v**2 + 1684*v - 144. Give r(29).
-86
Let x(i) = -508*i**2 - 890*i - 1773. What is x(-2)?
-2025
Let j(x) = 6*x**2 + 91463*x - 182928. Calculate j(2).
22
Let b(q) = q**3 + 63*q**2 + 46*q - 1018. Give b(-62).
-26
Let u(z) = -42798*z - 42805. What is u(-1)?
-7
Let o(f) = -6*f**2 + 129*f - 416. Calculate o(18).
-38
Let k(p) = 20993*p - 524883. Determine k(25).
-58
Let d(h) = -3*h**2 + 2024*h - 313921. Calculate d(433).
4
Let i(c) = c**2 - 195*c + 6364. Give i(154).
50
Let d(f) = 2*f**3 + 941*f**2 + 1489*f + 38511. Determine d(-469).
53
Let a(f) = -49*f**2 - 1707*f - 14571. Determine a(-15).
9
Let r(a) = -a**3 + 21*a**2 + 172*a + 17. What is r(23)?
2915
Let w(q) = -q**2 - 48256*q - 6256386. Determine w(-130).
-6
Let y(t) = -53913*t - 161844. Determine y(-3).
-105
Let j(p) = -528027*p + 25873330. Determine j(49).
7
Let b(n) = 63006*n + 19720858. Determine b(-313).
-20
Let q(c) = 117*c + 21161. Give q(-177).
452
Let a(w) = -w**3 - 615*w**2 - 1201*w + 15328. Calculate a(-613).
3
Let x(v) = 2462*v + 2281. Calculate x(-1).
-181
Let o(v) = -204*v**2 + 1025*v - 20. Calculate o(5).
5
Let b(p) = -22*p**3 - 5*p**2 - 38313*p + 76635. Give b(2).
-187
Let c(b) = b**3 - 29*b**2 + 10. Determine c(27).
-1448
Let l(z) = 2*z**3 + 3*z**2 - 129*z - 1042. Give l(-8).
-842
Let o(f) = 13*f**2 + 3*f - 504. Give o(-24).
6912
Let z(k) = -7422*k**2 + 222663*k - 95. Determine z(30).
-5
Let m(o) = 2*o**2 + 284021*o + 1136053. Calculate m(-4).
1
Let l(q) = -2651*q + 12171. Determine l(5).
-1084
Let c(z) = -44*z**2 + 883*z - 1776. Give c(2).
-186
Let r(i) = -2*i**2 + 108*i + 42858. What is r(-122)?
-86
Let b(n) = -602*n - 142239. Give b(-237).
435
Let a(q) = 4*q**3 - 19*q**2 + 559*q - 1060. What is a(2)?
14
Let m(x) = 5*x**3 + 247*x**2 - 406*x + 96. Determine m(-51).
-6
Let r(g) = g**2 - 251*g - 2597. Give r(261).
13
Let s(c) = -347*c - 25129. Determine s(-73).
202
Let z(b) = b**3 + 383*b**2 + 3606*b + 1231505. Determine z(-382).
-63
Let i(h) = -7*h**2 - 310*h - 683. Determine i(-42).
-11
Let t(u) = -u**2 - 685*u + 125383. What is t(150)?
133
Let n(d) = d**3 + 337*d**2 + 16179*d - 78. What is n(-58)?
96
Let v(t) = 156324*t + 1250570. What is v(-8)?
-22
Let c(w) = -w**3 + 32*w**2 - 191*w - 294. Determine c(10).
-4
Let c(z) = 385*z + 65067. Calculate c(-169).
2
Let l(z) = -2*z**3 + 364*z**2 + 5911*z - 183. Calculate l(197).
14
Let s(t) = -2*t**3 + 52*t**2 + 764*t - 44. What is s(-10)?
-484
Let o(k) = k**3 - 84*k**2 + 1186*k + 221. Calculate o(18).
185
Let l(k) = 6*k**2 - 1768*k + 73317. Determine l(245).
307
Let b(t) = 16*t**3 - 28*t + 9. Determine b(-5).
-1851
Let n(o) = -3*o**3 + 236*o**2 + 21*o - 1212. Determine n(79).
-5794
Let c(q) = -1841*q + 123341. Give c(67).
-6
Let v(s) = 8*s**2 + 1989*s - 4855. Calculate v(-251).
-86
Let u(p) = p**3 - 139*p**2 - 2995*p - 1124. Determine u(158).
-18
Let l(m) = 2*m**3 - 116*m**2 - 142*m + 8303. What is l(58)?
67
Let h(n) = -46*n**2 - 4344*n - 1568. Calculate h(-94).
312
Let h(l) = 13*l**3 - 35*l**2 - 18*l + 29. Calculate h(3).
11
Let o(g) = -g**2 - 1359*g + 5500. Give o(4).
48
Let a(p) = 8*p**2 - 1004*p - 5737. Determine a(131).
27
Let p(h) = h**3 + 16*h**2 + 68*h - 61. Calculate p(-13).
-438
Let c(b) = -b**3 + 17*b**2 + 344*b + 240. Give c(29).
124
Let r(p) = -p**3 - 70*p**2 + 3525*p - 1156. Calculate r(-104).
-12
Let h(w) = -489*w**2 - 2888*w - 68. What is h(-5)?
2147
Let c(s) = 37*s - 3658. Calculate c(105).
227
Let n(m) = -3*m**3 - 21*m**2 + 20*m + 352. What is n(-8)?
384
Let y(w) = -2*w**3 - 87*w**2 + 66*w + 8011. Determine y(-42).
-53
Let w(x) = -22*x**2 + 2*x - 91. Calculate w(-6).
-895
Let i(v) = -2*v**2 + 941*v - 107408. What is i(196)?
196
Let p(d) = 3579*d + 11837. Determine p(-3).
1100
Let n(d) = -88690*d - 975585. Calculate n(-11).
5
Let k(b) = 4069*b + 2213571. What is k(-544)?
35
Let a(v) = 674*v**2 + 3944*v - 603. Give a(-6).
-3
Let t(i) = -18*i**2 + 1592*i - 769. What is t(88)?
-65
Let s(f) = -5310*f - 185852. Give s(-35).
-2
Let q(c) = 358*c**2 - 6*c + 10. Give q(2).
1430
Let x(c) = 53709*c + 107353. Determine x(-2).
-65
Let o(m) = 351*m**2 - 91*m + 13. What is o(1)?
273
Let y(p) = -56824*p - 1590789. What is y(-28)?
283
Let q(o) = -5*o**2 - 1817*o + 25896. Give q(14).
-522
Let d(k) = -k**2 + 5916*k + 940985. Determine d(-155).
-20
Let v(z) = -z**3 - 67*z**2 - 880*z - 1082. Give v(-16).
-58
Let c(r) = -22*r**2 + 368*r - 75. What is c(18)?
-579
Let i(b) = -b**3 - 43*b**2 - 4*b + 4863. Calculate i(-40).
223
Let i(r) = r**3 - 194*r**2 + 1680*r - 142. Give i(9).
-7
Let p(k) = -k**2 + 11851*k - 130228. Calculate p(11).
12
Let i(t) = 34*t**2 + 1656*t - 119. Determine i(-47).
-2845
Let i(k) = -48435*k - 145299. What is i(-3)?
6
Let k(y) = -4689*y - 1482. Give k(0).
-1482
Let c(q) = -143*q**2 - 210*q + 355. What is c(1)?
2
Let k(r) = 42316*r - 253837. Calculate k(6).
59
Let a(c) = -196*c**2 + 711*c + 708. Give a(-1).
-199
Let z(f) = 234*f - 6487. Calculate z(29).
299
Let h(m) = -m**2 + 4382*m - 147881. Calculate h(34).
-49
Let a(w) = 6*w**2 - 634*w - 25433. Calculate a(-31).
-13
Let f(w) = -14527*w + 5825216. Determine f(401).
-111
Let l(f) = f**3 + 115*f**2 - 10737*f - 125. Calculate l(-176).
51
Let v(f) = -f**3 - 164*f**2 - 98*f + 10587. Determine v(-163).
-8
Let y(g) = 241*g**2 - 473*g + 494. What is y(1)?
262
Let p(s) = -s**3 + 77*s**2 - 187*s - 80. Calculate p(3).
25
Let c(j) = 6*j**2 + 871*j - 18537. Calculate c(-164).
-5
Let q(s) = s**3 - 10*s**2 - 83*s + 796. Give q(15).
676
Let s(w) = -151*w + 2861. Give s(18).
143
Let r(n) = -3*n**2 + 10014*n - 20029. Give r(2).
-13
Let r(j) = 3002*j + 23767. Determine r(-8).
-249
Let s(x) = x**3 - 202*x**2 - 825*x - 1142. Calculate s(206).
-1348
Let l(w) = -10*w**2 - 195*w - 67. Give l(0).
-67
Let c(u) = -21*u**3 - u**2 - 26*u - 143. Determine c(-4).
1289
Let o(m) = m**3 - 32*m**2 + 442*m - 11771. Give o(30).
-311
Let c(u) = -u**3 - 552*u**2 + 879*u + 24927. What is c(-6)?
-3
Let f(w) = 4313*w + 51422. Determine f(-12).
-334
Let f(q) = q**3 + 613*q**2 - 59320*q + 6971. What is f(-698)?
-9
Let y(c) = c**3 - 46*c**2 - 145*c + 311. Calculate y(49).
409
Let c(o) = -12*o**3 + 166*o**2 - 206*o - 97. Calculate c(13).
-1085
Let c(y) = y**3 + 73*y**2 - 152*y - 85. Calculate c(-75).
65
Let t(j) = 27194*j - 543588. Calculate t(20).
292
Let q(v) = v**3 - 429*v**2 - 2141*v + 551261. Give q(431).
12
Let i(w) = -w**3 - 23*w**2 - 46*w + 172. Determine i(-10).
-668
Let x(s) = s**3 + 103*s**2 - 234*s - 4123. Give x(-105).
-1603
Let r(y) = -15192*y**2 - 15220*y - 15. Determine r(-1).
13
Let p(l) = 1176*l - 3366. What is p(3)?
162
Let a(o) = o**2 - 409*o - 10833. Determine a(-25).
17
Let t(z) = -z**2 + 2782*z - 29. What is t(0)?
-29
Let m(c) = 7*c**3 - 167*c**2 - 330*c + 16. Calculate m(-2).
-48
Let o(f) = 392*f + 7531. Determine o(-20).
-309